 is the tens digit of 89605?
0
What is the hundreds digit of 785?
7
What is the units digit of 1459?
9
What is the tens digit of 5513?
1
What is the tens digit of 16774?
7
What is the hundreds digit of 13770?
7
What is the units digit of 1201?
1
What is the hundreds digit of 664?
6
What is the thousands digit of 1029?
1
What is the hundreds digit of 19899?
8
What is the ten thousands digit of 144972?
4
What is the units digit of 62334?
4
What is the hundreds digit of 448?
4
What is the tens digit of 1194?
9
What is the units digit of 101?
1
What is the units digit of 394?
4
What is the hundreds digit of 13722?
7
What is the thousands digit of 6383?
6
What is the thousands digit of 1948?
1
What is the tens digit of 11738?
3
What is the tens digit of 4489?
8
What is the units digit of 181?
1
What is the hundreds digit of 211?
2
What is the hundreds digit of 382?
3
What is the tens digit of 3763?
6
What is the hundreds digit of 16173?
1
What is the hundreds digit of 549?
5
What is the thousands digit of 10944?
0
What is the hundreds digit of 37855?
8
What is the tens digit of 2088?
8
What is the tens digit of 4962?
6
What is the hundreds digit of 16675?
6
What is the tens digit of 11359?
5
What is the hundreds digit of 565?
5
What is the hundreds digit of 1806?
8
What is the thousands digit of 10105?
0
What is the thousands digit of 7791?
7
What is the units digit of 3482?
2
What is the units digit of 93887?
7
What is the thousands digit of 6763?
6
What is the thousands digit of 5029?
5
What is the hundreds digit of 27096?
0
What is the hundreds digit of 3620?
6
What is the units digit of 16490?
0
What is the hundreds digit of 3732?
7
What is the tens digit of 300?
0
What is the units digit of 260?
0
What is the tens digit of 335?
3
What is the hundreds digit of 130?
1
What is the ten thousands digit of 64031?
6
What is the units digit of 4680?
0
What is the thousands digit of 44356?
4
What is the units digit of 404?
4
What is the hundreds digit of 1356?
3
What is the hundreds digit of 89602?
6
What is the hundreds digit of 125129?
1
What is the thousands digit of 8835?
8
What is the thousands digit of 4780?
4
What is the ten thousands digit of 89808?
8
What is the tens digit of 293?
9
What is the units digit of 9330?
0
What is the hundreds digit of 168366?
3
What is the hundreds digit of 244?
2
What is the units digit of 4978?
8
What is the tens digit of 2501?
0
What is the hundreds digit of 6352?
3
What is the ten thousands digit of 54601?
5
What is the thousands digit of 33873?
3
What is the units digit of 2471?
1
What is the hundreds digit of 960?
9
What is the tens digit of 830?
3
What is the tens digit of 985?
8
What is the ten thousands digit of 35837?
3
What is the tens digit of 18939?
3
What is the units digit of 591?
1
What is the thousands digit of 27352?
7
What is the ten thousands digit of 20784?
2
What is the units digit of 6908?
8
What is the units digit of 16?
6
What is the hundreds digit of 820?
8
What is the tens digit of 4706?
0
What is the units digit of 24176?
6
What is the thousands digit of 9623?
9
What is the hundreds digit of 4073?
0
What is the thousands digit of 4555?
4
What is the thousands digit of 28971?
8
What is the hundreds digit of 116?
1
What is the thousands digit of 88047?
8
What is the tens digit of 13107?
0
What is the units digit of 8034?
4
What is the thousands digit of 11456?
1
What is the hundreds digit of 1078?
0
What is the tens digit of 36973?
7
What is the units digit of 579?
9
What is the hundreds digit of 930?
9
What is the hundreds digit of 30457?
4
What is the thousands digit of 1483?
1
What is the thousands digit of 1020?
1
What is the ten thousands digit of 50303?
5
What is the ten thousands digit of 13490?
1
What is the thousands digit of 7286?
7
What is the units digit of 664?
4
What is the units digit of 473?
3
What is the thousands digit of 7465?
7
What is the units digit of 9?
9
What is the units digit of 172881?
1
What is the hundreds digit of 39739?
7
What is the hundreds digit of 249?
2
What is the units digit of 1763?
3
What is the hundreds digit of 1352?
3
What is the thousands digit of 11084?
1
What is the tens digit of 45?
4
What is the units digit of 2141?
1
What is the tens digit of 208?
0
What is the tens digit of 12932?
3
What is the hundreds digit of 518?
5
What is the units digit of 392?
2
What is the units digit of 75555?
5
What is the hundreds digit of 278?
2
What is the hundreds digit of 17978?
9
What is the units digit of 53579?
9
What is the hundreds digit of 14211?
2
What is the hundreds digit of 6899?
8
What is the hundreds digit of 4086?
0
What is the units digit of 36255?
5
What is the units digit of 46603?
3
What is the tens digit of 1930?
3
What is the tens digit of 1612?
1
What is the thousands digit of 1441?
1
What is the units digit of 3552?
2
What is the tens digit of 54303?
0
What is the tens digit of 300?
0
What is the thousands digit of 5481?
5
What is the units digit of 767?
7
What is the thousands digit of 3676?
3
What is the tens digit of 1387?
8
What is the hundreds digit of 3611?
6
What is the hundreds digit of 1879?
8
What is the units digit of 124713?
3
What is the tens digit of 816?
1
What is the units digit of 2046?
6
What is the hundreds digit of 5905?
9
What is the ten thousands digit of 94572?
9
What is the ten thousands digit of 60322?
6
What is the tens digit of 2259?
5
What is the tens digit of 3193?
9
What is the ten thousands digit of 14688?
1
What is the tens digit of 2967?
6
What is the thousands digit of 2470?
2
What is the units digit of 79648?
8
What is the units digit of 34866?
6
What is the tens digit of 8133?
3
What is the thousands digit of 156240?
6
What is the hundreds digit of 40602?
6
What is the hundreds digit of 942?
9
What is the ten thousands digit of 20021?
2
What is the tens digit of 1689?
8
What is the thousands digit of 38851?
8
What is the thousands digit of 24345?
4
What is the units digit of 710?
0
What is the units digit of 9684?
4
What is the hundreds digit of 24548?
5
What is the hundreds digit of 1558?
5
What is the tens digit of 2959?
5
What is the hundreds digit of 982?
9
What is the thousands digit of 5286?
5
What is the thousands digit of 16475?
6
What is the thousands digit of 3307?
3
What is the units digit of 3289?
9
What is the tens digit of 1823?
2
What is the hundreds digit of 329?
3
What is the thousands digit of 11447?
1
What is the tens digit of 36205?
0
What is the hundreds digit of 9578?
5
What is the units digit of 5106?
6
What is the tens digit of 2735?
3
What is the tens digit of 6100?
0
What is the units digit of 186?
6
What is the units digit of 82599?
9
What is the tens digit of 164?
6
What is the tens digit of 42?
4
What is the tens digit of 707?
0
What is the units digit of 346?
6
What is the ten thousands digit of 33266?
3
What is the hundreds digit of 6598?
5
What is the hundreds digit of 1447?
4
What is the hundreds digit of 47099?
0
What is the hundreds digit of 34243?
2
What is the hundred thousands digit of 133956?
1
What is the tens digit of 7148?
4
What is the tens digit of 1002?
0
What is the thousands digit of 21422?
1
What is the tens digit of 14740?
4
What is the hundreds digit of 14275?
2
What is the tens digit of 18400?
0
What is the ten thousands digit of 58277?
5
What is the units digit of 28437?
7
What is the thousands digit of 3714?
3
What is the thousands digit of 1339?
1
What is the tens digit of 1191?
9
What is the thousands digit of 35157?
5
What is the tens digit of 3196?
9
What is the units digit of 52432?
2
What is the tens digit of 6185?
8
What is the thousands digit of 1043?
1
What is the tens digit of 42429?
2
What is the tens digit of 2806?
0
What is the tens digit of 5923?
2
What is the thousands digit of 5622?
5
What is the hundreds digit of 6342?
3
What is the units digit of 1621?
1
What is the thousands digit of 93899?
3
What is the thousands digit of 2764?
2
What is the hundreds digit of 3275?
2
What is the thousands digit of 9922?
9
What is the thousands digit of 3772?
3
What is the units digit of 2925?
5
What is the units digit of 552?
2
What is the units digit of 956?
6
What is the tens digit of 28121?
2
What is the units digit of 157?
7
What is the t